{"id":545,"date":"2024-01-31T18:59:44","date_gmt":"2024-01-31T17:59:44","guid":{"rendered":"http:\/\/strefaistnienia.pl\/?page_id=545"},"modified":"2026-01-03T20:04:42","modified_gmt":"2026-01-03T19:04:42","slug":"kregi","status":"publish","type":"page","link":"https:\/\/Strefaistnienia.pl\/?page_id=545","title":{"rendered":"Kr\u0119gi Tematyczne"},"content":{"rendered":"\n<h2 class=\"wp-block-heading has-text-align-center has-accent-color has-text-color has-link-color wp-elements-7f0395a178724afd61ae6e7ab43e06d4\"><strong>WITAJ PORDR\u00d3\u017bNICZKO <\/strong><br><strong>i PODR\u00d3\u017bNIKU \u017bYCIA!<\/strong><\/h2>\n\n\n\n<p class=\"has-text-align-center\">Zapraszam &nbsp;Ci\u0119 na Spotkania w Kr\u0119gach, czyli spotkania Ludzi, kt\u00f3rzy chc\u0105 poby\u0107 w stadzie. Spotkania w Kr\u0119gach s\u0105 bezpieczn\u0105 przestrzeni\u0105, <br>w kt\u00f3rej mo\u017cesz powiedzie\u0107 to, co dla Ciebie wa\u017cne i co chcesz powiedzie\u0107 oraz pos\u0142ucha\u0107 i us\u0142ysze\u0107 perspektywy, zdanie i odczucia innych Os\u00f3b. <br>To miejsce dla tych, kt\u00f3rzy chc\u0105 by\u0107 us\u0142yszani, zaakceptowani <br>oraz bezpieczni w tym, z czym przyszli. <br>Je\u015bli potrzebujesz i poszukujesz swobodnego wyra\u017cenia siebie, pobycia w gronie innych os\u00f3b, potrzebujesz niewymuszonego ruchu i\/lub niewymuszonej pauzy &#8211; przyjd\u017a!<\/p>\n\n\n\n<!--more-->\n\n\n\n<figure class=\"wp-block-image size-large\"><img fetchpriority=\"high\" decoding=\"async\" width=\"1024\" height=\"736\" src=\"https:\/\/Strefaistnienia.pl\/wp-content\/uploads\/2024\/02\/20231116_134356-1024x736.jpg\" alt=\"\" class=\"wp-image-575\" srcset=\"https:\/\/Strefaistnienia.pl\/wp-content\/uploads\/2024\/02\/20231116_134356-1024x736.jpg 1024w, https:\/\/Strefaistnienia.pl\/wp-content\/uploads\/2024\/02\/20231116_134356-300x216.jpg 300w, https:\/\/Strefaistnienia.pl\/wp-content\/uploads\/2024\/02\/20231116_134356-768x552.jpg 768w, https:\/\/Strefaistnienia.pl\/wp-content\/uploads\/2024\/02\/20231116_134356-1536x1103.jpg 1536w, https:\/\/Strefaistnienia.pl\/wp-content\/uploads\/2024\/02\/20231116_134356-2048x1471.jpg 2048w, https:\/\/Strefaistnienia.pl\/wp-content\/uploads\/2024\/02\/20231116_134356-1200x862.jpg 1200w, https:\/\/Strefaistnienia.pl\/wp-content\/uploads\/2024\/02\/20231116_134356-1980x1422.jpg 1980w\" sizes=\"(max-width: 1024px) 100vw, 1024px\" \/><\/figure>\n\n\n\n<p class=\"has-text-align-center\"><strong> &#8222;Miejsc\u00f3wka&#8221; Strefy Istnienia (SI), w kt\u00f3rej spotykamy si\u0119 w kr\u0119gu mie\u015bci si\u0119 oko\u0142o 500 m od metra Imielin.<\/strong><\/p>\n\n\n\n<h2 class=\"wp-block-heading has-text-align-center\"><strong><mark style=\"background-color:rgba(0, 0, 0, 0);color:#423fc5\" class=\"has-inline-color\">O KR\u0118GACH<\/mark><\/strong><\/h2>\n\n\n\n<p class=\"has-text-align-center\">Kr\u0119gi wywodz\u0105 si\u0119 z wielu rdzennych kultur, w kt\u00f3rych w wielu regionach \u015bwiata rdzenni mieszka\u0144cy wsp\u00f3\u0142tworzyli energetyczn\u0105, empatyczn\u0105 przestrze\u0144, w celu dzielenia si\u0119 tym, co dla nich wa\u017cne.<br>Kr\u0119gi pochodz\u0105 zatem od naszych przodk\u00f3w. Zasiadali w nich zar\u00f3wno przewodnicy duchowi, jak i ich uczniowie, a tak\u017ce osoby niezainteresowane duchowo\u015bci\u0105, potrzebuj\u0105ce wsp\u00f3lnego pobycia. Starszyzna i m\u0142odzie\u017c. <br>Kobiety i m\u0119\u017cczy\u017ani. Dzielono si\u0119 w nich m\u0105dro\u015bci\u0105 p\u0142yn\u0105c\u0105 od ka\u017cdej osoby, kt\u00f3ra w nim uczestniczy.<\/p>\n\n\n\n<p class=\"has-text-align-center\">Dla ka\u017cdej osoby indywidualnie \u2013 w zale\u017cno\u015bci od tego w czym i z czym <br>w danym momencie jeste\u015b \u2013 kr\u0119gi mog\u0105 by\u0107 form\u0105 odpoczynku, relaksu, regeneracji, wsparcia, inspiracji, poruszenia, zdobywania wiedzy i umiej\u0119tno\u015bci. <br>Dla niekt\u00f3rych os\u00f3b kr\u0119gi maj\u0105 r\u00f3wnie\u017c znaczenie terapeutyczne.<\/p>\n\n\n\n<p class=\"has-text-align-center\">Ka\u017cda Osoba b\u0119d\u0105ca cz\u0119\u015bci\u0105 kr\u0119gu wsp\u00f3\u0142tworzy go maj\u0105c pe\u0142n\u0105 przestrze\u0144 na bycie sob\u0105 oraz swobod\u0119 wypowiedzi (lub braku wypowiedzi) i ekspresji (z uwzgl\u0119dnieniem zasad, kt\u00f3re wymieniam poni\u017cej).<\/p>\n\n\n\n<p class=\"has-text-align-center\">Ka\u017cdy Kr\u0105g zawiera praktyk\u0119 wyciszenia, skupienia na swoim wn\u0119trzu oraz relaksacji.<\/p>\n\n\n\n<h2 class=\"wp-block-heading has-text-align-center\"><strong><mark style=\"background-color:rgba(0, 0, 0, 0);color:#e123df\" class=\"has-inline-color\">ZASADY KR\u0118G\u00d3W<\/mark><\/strong><\/h2>\n\n\n\n<ul class=\"wp-block-list\">\n<li>Wszyscy jeste\u015bmy r\u00f3wni<\/li>\n\n\n\n<li>Szanujemy siebie i innych ludzi (inne spojrzenia, punkty widzenia i perspektywy)<\/li>\n\n\n\n<li>Jeste\u015bmy empatyczni i otwarci \u2013 nie oceniamy innych os\u00f3b<br>i dajemy im przestrze\u0144 na bycie sob\u0105<\/li>\n\n\n\n<li>Uczymy si\u0119 m\u00f3wi\u0107 z poziomu serca i kierujemy si\u0119 empati\u0105.<\/li>\n\n\n\n<li>Ka\u017cdy bierze udzia\u0142 w tej aktywno\u015bci, na kt\u00f3r\u0105 ma ochot\u0119 i robi to, na co jest gotowy<\/li>\n\n\n\n<li>M\u00f3wi jedna osoba, reszta s\u0142ucha<\/li>\n\n\n\n<li>Ka\u017cda Osoba ma mo\u017cliwo\u015b\u0107 swobodnej wypowiedzi<\/li>\n\n\n\n<li>Nie dajemy sobie rad, chyba, \u017ce Osoba m\u00f3wi\u0105ca o nie poprosi<\/li>\n\n\n\n<li>To, co us\u0142yszymy na Kr\u0119gu od innych Os\u00f3b \u2013 zostawiamy sobie. Poufno\u015b\u0107 jest podstaw\u0105 zaufania i budowania bezpiecznej przestrzeni dla Nas wszystkich tak, aby\u015bmy mogli by\u0107 sob\u0105 w pe\u0142ni<\/li>\n<\/ul>\n\n\n\n<div class=\"wp-block-columns is-layout-flex wp-container-core-columns-is-layout-9d6595d7 wp-block-columns-is-layout-flex\">\n<div class=\"wp-block-column is-layout-flow wp-block-column-is-layout-flow\">\n<figure class=\"wp-block-image size-large\"><img decoding=\"async\" width=\"576\" height=\"1024\" src=\"https:\/\/Strefaistnienia.pl\/wp-content\/uploads\/2026\/01\/kregi-576x1024.jpg\" alt=\"\" class=\"wp-image-1033\" srcset=\"https:\/\/Strefaistnienia.pl\/wp-content\/uploads\/2026\/01\/kregi-576x1024.jpg 576w, https:\/\/Strefaistnienia.pl\/wp-content\/uploads\/2026\/01\/kregi-169x300.jpg 169w, https:\/\/Strefaistnienia.pl\/wp-content\/uploads\/2026\/01\/kregi-768x1365.jpg 768w, https:\/\/Strefaistnienia.pl\/wp-content\/uploads\/2026\/01\/kregi-864x1536.jpg 864w, https:\/\/Strefaistnienia.pl\/wp-content\/uploads\/2026\/01\/kregi.jpg 1152w\" sizes=\"(max-width: 576px) 100vw, 576px\" \/><\/figure>\n<\/div>\n\n\n\n<div class=\"wp-block-column is-layout-flow wp-block-column-is-layout-flow\">\n<p><\/p>\n\n\n\n<p><\/p>\n\n\n\n<p class=\"has-text-align-center has-primary-color has-text-color has-link-color wp-elements-119abc90e9441e3d6eb76c5f8a2a2f48\"><strong>\u017bycie jest podr\u00f3\u017c\u0105. <\/strong><br><strong>Podr\u00f3\u017cujemy zar\u00f3wno <\/strong><br><strong>w wybrane przez nas, znane nam przestrzenie, jak i w te ca\u0142kiem nam nieznane. Podr\u00f3\u017cuj\u0105c czujemy, doznajemy, zbieramy do\u015bwiadczenia, prze\u017cywamy przygody i zdarzenia, upadamy, wstajemy, dzia\u0142amy, odkrywamy, jeste\u015bmy.<br>Uczymy si\u0119 siebie i innych, uczymy si\u0119 od siebie i od innych. <\/strong><br><strong>Piszemy swoje historie.<br><\/strong><\/p>\n<\/div>\n<\/div>\n\n\n\n<h2 class=\"wp-block-heading has-text-align-center\"><mark style=\"background-color:rgba(0, 0, 0, 0)\" class=\"has-inline-color has-accent-color\">KR\u0118GI TEMATYCZNE<\/mark><\/h2>\n\n\n\n<p class=\"has-text-align-center\"><strong>Kr\u0105g tematyczn<\/strong>y jest spotkaniem z zadanym tematem przewodnim, wok\u00f3\u0142 kt\u00f3rego b\u0119dziemy si\u0119 porusza\u0107.<br><strong>Przyk\u0142adowe tematy: <\/strong>strach, gniew, poczucie warto\u015bci, moje relacje, zwi\u0105zki, stawianie granic, uzale\u017cnienia i inne wa\u017cne <br>dla wi\u0119kszo\u015bci Ludzi sprawy. <\/p>\n\n\n\n<h2 class=\"wp-block-heading has-text-align-center\"><mark style=\"background-color:rgba(0, 0, 0, 0);color:#158522\" class=\"has-inline-color\">TERMINY <\/mark><\/h2>\n\n\n\n<p class=\"has-text-align-center\"><strong>Kr\u0105g otwarty\/tematyczny dla DOROS\u0141YCH \u2013 w drugi wtorek ka\u017cdego miesi\u0105ca;  <\/strong><br>K<strong>r\u0105g otwarty \/ tematyczny dla M\u0141ODZIE\u017bY ) 13 &#8211; 17 lat \u2013 w czwarty wtorek ka\u017cdego miesi\u0105ca;  <\/strong><\/p>\n\n\n\n<h2 class=\"wp-block-heading has-text-align-center\"><mark style=\"background-color:rgba(0, 0, 0, 0);color:#158522\" class=\"has-inline-color\">GODZINY<\/mark><\/h2>\n\n\n\n<p class=\"has-text-align-center\"><strong>18.45 &#8211; 21.30<\/strong><\/p>\n\n\n\n<h2 class=\"wp-block-heading has-text-align-center\"><mark style=\"background-color:rgba(0, 0, 0, 0);color:#158522\" class=\"has-inline-color\">INWESTYCJA <\/mark><\/h2>\n\n\n\n<p class=\"has-text-align-center\"><strong>100 z\u0142 \/ spotkanie<\/strong><\/p>\n\n\n\n<p class=\"has-text-align-center\"><strong><mark style=\"background-color:rgba(0, 0, 0, 0)\" class=\"has-inline-color has-secondary-color\"><em>DODATKI<\/em><\/mark><\/strong><\/p>\n\n\n\n<p class=\"has-text-align-center\"><strong>&#8211; <\/strong>We\u017a wygodny str\u00f3j, by nie kr\u0119powa\u0142 Twojego cia\u0142a i Twoich ruch\u00f3w.<br><strong>&#8211; <\/strong>Zabierz buty na zmian\u0119 je\u015bli przeszkadza Ci ch\u0142odna pod\u0142oga<br><strong>&#8211; <\/strong>Zabierz wod\u0119 do picia.<br><strong>&#8211; <\/strong>Je\u015bli chcesz \u2013 przynie\u015b przek\u0105sk\u0119 na wsp\u00f3lny st\u00f3\u0142. Mo\u017ce by\u0107 cokolwiek. B\u0119dzie nam przyjemniej. <br><em>W przestrzeni jest mo\u017cliwo\u015b\u0107 zrobienia sobie herbaty<\/em>\/<em> zi\u00f3\u0142<\/em><\/p>\n\n\n\n<h2 class=\"wp-block-heading has-text-align-center\"><mark style=\"background-color:#dcd7ca;color:#238fd9\" class=\"has-inline-color\">NAJBLI\u017bSZE KR\u0118GI<\/mark><\/h2>\n\n\n\n<p class=\"has-text-align-center\"><strong>08.07.2025<\/strong> &#8211; <em>KR\u0104G DLA DOROS\u0141YCH<\/em> &#8211; STRACH, <br>CZYLI CZEGO SI\u0118 BOJ\u0118<\/p>\n\n\n\n<p class=\"has-text-align-center\"><strong>22.07.2025<\/strong> &#8211; <em>KR\u0104G DLA M\u0141ODZIE\u017bY<\/em> &#8211; STRACH, <br>CZYLI CZEGO SI\u0118 BOJ\u0118<\/p>\n\n\n\n<h2 class=\"wp-block-heading has-text-align-center\"><mark style=\"background-color:rgba(0, 0, 0, 0)\" class=\"has-inline-color has-accent-color\">ZAPISY<\/mark><\/h2>\n\n\n\n<p class=\"has-text-align-center\"><strong>Na kr\u0105g trzeba si\u0119 zapisa\u0107, gdy\u017c pojemno\u015b\u0107 sali<br>jest ograniczona<\/strong> \ud83d\ude42<br><br><strong><mark style=\"background-color:rgba(0, 0, 0, 0)\" class=\"has-inline-color has-accent-color\">UWAGA, UWAGA! \ud83d\ude42<\/mark><\/strong><br><strong><mark style=\"background-color:rgba(0, 0, 0, 0)\" class=\"has-inline-color has-accent-color\">M\u0141ODZIE\u017b POTRZEBUJE PISEMNEJ <\/mark><\/strong><br><strong><mark style=\"background-color:rgba(0, 0, 0, 0)\" class=\"has-inline-color has-accent-color\">(PAPIEROWEJ i PODPISANEJ) ZGODY OPIEKUNA PRAWNEGO, KT\u00d3R\u0104 NALE\u017bY DOSTARCZY\u0106 <\/mark><\/strong><br><strong><mark style=\"background-color:rgba(0, 0, 0, 0)\" class=\"has-inline-color has-accent-color\">NA SPOTKANIE<\/mark><\/strong><br><\/p>\n\n\n\n<p class=\"has-text-align-center\"><strong><mark style=\"background-color:#000000\" class=\"has-inline-color has-background-color\">Zapisa\u0107 si\u0119 mo\u017cna:<\/mark><\/strong><\/p>\n\n\n\n<p class=\"has-text-align-center\"><strong>mailowo: <\/strong> <a href=\"mailto:strefaistnienia@gmail.com\" target=\"_blank\" rel=\"noreferrer noopener\"><strong>strefaistnienia@gmail.com<\/strong><\/a> podaj\u0105c w tytule KR\u0104G <br>i dat\u0119, a w tre\u015bci swoje imi\u0119 i ewentualnie co\u015b od siebie \ud83d\ude42<\/p>\n\n\n\n<p class=\"has-text-align-center\"><strong>przez formularz: <\/strong><\/p>\n\n\n\n<div class=\"wp-block-buttons alignwide is-content-justification-center is-layout-flex wp-container-core-buttons-is-layout-16018d1d wp-block-buttons-is-layout-flex\">\n<div class=\"wp-block-button is-style-fill\"><a class=\"wp-block-button__link has-text-align-center wp-element-button\" href=\"https:\/\/docs.google.com\/forms\/d\/e\/1FAIpQLSeUtr3dzuMfxHJ_KWGw38vlOjJAgTLH4Dl1rfB4pHu9op7TnQ\/viewform?usp=sf_link\" target=\"_blank\" rel=\"noreferrer noopener\">FORMULARZ ZAPISU NA KR\u0104G<\/a><\/div>\n<\/div>\n\n\n\n<p class=\"has-text-align-center\"><\/p>\n\n\n\n<p><\/p>\n\n\n\n<h2 class=\"wp-block-heading has-text-align-center\"><\/h2>\n\n\n\n<p><\/p>\n\n\n\n<p class=\"has-text-align-center\">Subskrybuj nas!<\/p>\n\n\n\n<div class=\"wp-block-group\"><div class=\"wp-block-group__inner-container is-layout-constrained wp-block-group-is-layout-constrained\"><div class=\"emaillist\" id=\"es_form_f1-n1\"><form action=\"\/index.php?rest_route=%2Fwp%2Fv2%2Fpages%2F545#es_form_f1-n1\" method=\"post\" class=\"es_subscription_form es_shortcode_form  es_ajax_subscription_form\" id=\"es_subscription_form_69ef42e7bf656\" data-source=\"ig-es\" data-form-id=\"1\"><input type=\"hidden\" name=\"esfpx_form_id\" value=\"1\" \/><input type=\"hidden\" name=\"esfpx_lists[]\" value=\"3fbf51e733b3\" \/><input type=\"hidden\" name=\"es\" value=\"subscribe\" \/>\n\t\t\t<input type=\"hidden\" name=\"esfpx_es_form_identifier\" value=\"f1-n1\" \/>\n\t\t\t<input type=\"hidden\" name=\"esfpx_es_email_page\" value=\"545\" \/>\n\t\t\t<input type=\"hidden\" name=\"esfpx_es_email_page_url\" value=\"https:\/\/Strefaistnienia.pl\/?page_id=545\" \/>\n\t\t\t<input type=\"hidden\" name=\"esfpx_status\" value=\"Unconfirmed\" \/>\n\t\t\t<input type=\"hidden\" name=\"esfpx_es-subscribe\" id=\"es-subscribe-69ef42e7bf656\" value=\"8d9b9cd02f\" \/>\n\t\t\t<label style=\"position:absolute;top:-99999px;left:-99999px;z-index:-99;\" aria-hidden=\"true\"><span hidden>Please leave this field empty.<\/span><input type=\"email\" name=\"esfpx_es_hp_email\" class=\"es_required_field\" tabindex=\"-1\" autocomplete=\"-1\" value=\"\" \/><\/label><style>form.es_subscription_form[data-form-id=\"1\"] * { box-sizing: border-box; } body {margin: 0;}form[data-form-id=\"1\"] .es-form-field-container .gjs-row{display:flex;justify-content:flex-start;align-items:stretch;flex-wrap:nowrap;}form[data-form-id=\"1\"] .es-form-field-container .gjs-cell{flex-grow:1;flex-basis:100%;}form[data-form-id=\"1\"] .es-form-field-container .gjs-cell[data-highlightable=\"1\"]:empty{border-top-width:1px;border-right-width:1px;border-bottom-width:1px;border-left-width:1px;border-top-style:dashed;border-right-style:dashed;border-bottom-style:dashed;border-left-style:dashed;border-top-color:rgb(204, 204, 204);border-right-color:rgb(204, 204, 204);border-bottom-color:rgb(204, 204, 204);border-left-color:rgb(204, 204, 204);border-image-source:initial;border-image-slice:initial;border-image-width:initial;border-image-outset:initial;border-image-repeat:initial;height:30px;}form[data-form-id=\"1\"] .es-form-field-container .gjs-row .gjs-cell input[type=\"checkbox\"], form[data-form-id=\"1\"] .es-form-field-container .gjs-row .gjs-cell input[type=\"radio\"]{margin-top:0px;margin-right:5px;margin-bottom:0px;margin-left:0px;width:auto;}form[data-form-id=\"1\"] .es-form-field-container .gjs-row{margin-bottom:0.6em;}form[data-form-id=\"1\"] .es-form-field-container label.es-field-label{display:block;}@media (max-width: 320px){form[data-form-id=\"1\"] .es-form-field-container{padding-top:1rem;padding-right:1rem;padding-bottom:1rem;padding-left:1rem;}}<\/style><div class=\"es-form-field-container\"><div class=\"gjs-row\"><div class=\"gjs-cell\"><label for=\"esfpx_name_0fe74ada6116e\" class=\"es-field-label\">Imi\u0119<\/label><input type=\"text\" name=\"esfpx_name\" autocomplete=\"off\" placeholder=\"Enter your name\" class=\"es-name\" id=\"esfpx_name_0fe74ada6116e\" \/><\/div><\/div><div class=\"gjs-row\"><div class=\"gjs-cell\"><label for=\"esfpx_email_0fe74ada6116e\" class=\"es-field-label\">Email<\/label><input type=\"email\" required class=\"es-email\" name=\"esfpx_email\" autocomplete=\"off\" placeholder=\"Enter your email\" id=\"esfpx_email_0fe74ada6116e\" \/><\/div><\/div><div class=\"gjs-row\"><div class=\"gjs-cell\"><input type=\"submit\" name=\"submit\" value=\"Subscribe\" \/><\/div><\/div><\/div><span class=\"es_spinner_image\" id=\"spinner-image\"><img decoding=\"async\" src=\"https:\/\/Strefaistnienia.pl\/wp-content\/plugins\/email-subscribers\/lite\/public\/images\/spinner.gif\" alt=\"Loading\" \/><\/span><\/form><span class=\"es_subscription_message \" id=\"es_subscription_message_69ef42e7bf656\" role=\"alert\" aria-live=\"assertive\"><\/span><\/div><\/div><\/div>\n\n\n\n<p><\/p>\n\n\n\n<p><\/p>\n","protected":false},"excerpt":{"rendered":"<p>WITAJ PORDR\u00d3\u017bNICZKO i PODR\u00d3\u017bNIKU \u017bYCIA! Zapraszam &nbsp;Ci\u0119 na Spotkania w Kr\u0119gach, czyli spotkania Ludzi, kt\u00f3rzy chc\u0105 poby\u0107 w stadzie. Spotkania w Kr\u0119gach s\u0105 bezpieczn\u0105 przestrzeni\u0105, w kt\u00f3rej mo\u017cesz powiedzie\u0107 to, co dla Ciebie wa\u017cne i co chcesz powiedzie\u0107 oraz pos\u0142ucha\u0107 i us\u0142ysze\u0107 perspektywy, zdanie i odczucia innych Os\u00f3b. To miejsce dla tych, kt\u00f3rzy chc\u0105 by\u0107 [&hellip;]<\/p>\n","protected":false},"author":2,"featured_media":548,"parent":0,"menu_order":0,"comment_status":"closed","ping_status":"closed","template":"","meta":{"_mc_calendar":[],"footnotes":""},"class_list":["post-545","page","type-page","status-publish","has-post-thumbnail","hentry"],"yoast_head":"<!-- This site is optimized with the Yoast SEO plugin v25.1 - https:\/\/yoast.com\/wordpress\/plugins\/seo\/ -->\n<title>Kr\u0119gi Tematyczne - Strefa Istnienia<\/title>\n<meta name=\"robots\" content=\"index, follow, max-snippet:-1, max-image-preview:large, max-video-preview:-1\" \/>\n<link rel=\"canonical\" href=\"https:\/\/Strefaistnienia.pl\/?page_id=545\" \/>\n<meta property=\"og:locale\" content=\"pl_PL\" \/>\n<meta property=\"og:type\" content=\"article\" \/>\n<meta property=\"og:title\" content=\"Kr\u0119gi Tematyczne - Strefa Istnienia\" \/>\n<meta property=\"og:description\" content=\"WITAJ PORDR\u00d3\u017bNICZKO i PODR\u00d3\u017bNIKU \u017bYCIA! Zapraszam &nbsp;Ci\u0119 na Spotkania w Kr\u0119gach, czyli spotkania Ludzi, kt\u00f3rzy chc\u0105 poby\u0107 w stadzie. Spotkania w Kr\u0119gach s\u0105 bezpieczn\u0105 przestrzeni\u0105, w kt\u00f3rej mo\u017cesz powiedzie\u0107 to, co dla Ciebie wa\u017cne i co chcesz powiedzie\u0107 oraz pos\u0142ucha\u0107 i us\u0142ysze\u0107 perspektywy, zdanie i odczucia innych Os\u00f3b. To miejsce dla tych, kt\u00f3rzy chc\u0105 by\u0107 [&hellip;]\" \/>\n<meta property=\"og:url\" content=\"https:\/\/Strefaistnienia.pl\/?page_id=545\" \/>\n<meta property=\"og:site_name\" content=\"Strefa Istnienia\" \/>\n<meta property=\"article:modified_time\" content=\"2026-01-03T19:04:42+00:00\" \/>\n<meta property=\"og:image\" content=\"https:\/\/Strefaistnienia.pl\/wp-content\/uploads\/2024\/01\/20231116_131320_1-scaled.jpg\" \/>\n\t<meta property=\"og:image:width\" content=\"2560\" \/>\n\t<meta property=\"og:image:height\" content=\"1720\" \/>\n\t<meta property=\"og:image:type\" content=\"image\/jpeg\" \/>\n<meta name=\"twitter:card\" content=\"summary_large_image\" \/>\n<meta name=\"twitter:label1\" content=\"Szacowany czas czytania\" \/>\n\t<meta name=\"twitter:data1\" content=\"5 minut\" \/>\n<script type=\"application\/ld+json\" class=\"yoast-schema-graph\">{\"@context\":\"https:\/\/schema.org\",\"@graph\":[{\"@type\":\"WebPage\",\"@id\":\"https:\/\/Strefaistnienia.pl\/?page_id=545\",\"url\":\"https:\/\/Strefaistnienia.pl\/?page_id=545\",\"name\":\"Kr\u0119gi Tematyczne - Strefa Istnienia\",\"isPartOf\":{\"@id\":\"https:\/\/Strefaistnienia.pl\/#website\"},\"primaryImageOfPage\":{\"@id\":\"https:\/\/Strefaistnienia.pl\/?page_id=545#primaryimage\"},\"image\":{\"@id\":\"https:\/\/Strefaistnienia.pl\/?page_id=545#primaryimage\"},\"thumbnailUrl\":\"https:\/\/Strefaistnienia.pl\/wp-content\/uploads\/2024\/01\/20231116_131320_1-scaled.jpg\",\"datePublished\":\"2024-01-31T17:59:44+00:00\",\"dateModified\":\"2026-01-03T19:04:42+00:00\",\"breadcrumb\":{\"@id\":\"https:\/\/Strefaistnienia.pl\/?page_id=545#breadcrumb\"},\"inLanguage\":\"pl-PL\",\"potentialAction\":[{\"@type\":\"ReadAction\",\"target\":[\"https:\/\/Strefaistnienia.pl\/?page_id=545\"]}]},{\"@type\":\"ImageObject\",\"inLanguage\":\"pl-PL\",\"@id\":\"https:\/\/Strefaistnienia.pl\/?page_id=545#primaryimage\",\"url\":\"https:\/\/Strefaistnienia.pl\/wp-content\/uploads\/2024\/01\/20231116_131320_1-scaled.jpg\",\"contentUrl\":\"https:\/\/Strefaistnienia.pl\/wp-content\/uploads\/2024\/01\/20231116_131320_1-scaled.jpg\",\"width\":2560,\"height\":1720},{\"@type\":\"BreadcrumbList\",\"@id\":\"https:\/\/Strefaistnienia.pl\/?page_id=545#breadcrumb\",\"itemListElement\":[{\"@type\":\"ListItem\",\"position\":1,\"name\":\"Home\",\"item\":\"https:\/\/Strefaistnienia.pl\/\"},{\"@type\":\"ListItem\",\"position\":2,\"name\":\"Kr\u0119gi Tematyczne\"}]},{\"@type\":\"WebSite\",\"@id\":\"https:\/\/Strefaistnienia.pl\/#website\",\"url\":\"https:\/\/Strefaistnienia.pl\/\",\"name\":\"Strefa Istnienia\",\"description\":\"\",\"publisher\":{\"@id\":\"https:\/\/Strefaistnienia.pl\/#organization\"},\"potentialAction\":[{\"@type\":\"SearchAction\",\"target\":{\"@type\":\"EntryPoint\",\"urlTemplate\":\"https:\/\/Strefaistnienia.pl\/?s={search_term_string}\"},\"query-input\":{\"@type\":\"PropertyValueSpecification\",\"valueRequired\":true,\"valueName\":\"search_term_string\"}}],\"inLanguage\":\"pl-PL\"},{\"@type\":\"Organization\",\"@id\":\"https:\/\/Strefaistnienia.pl\/#organization\",\"name\":\"Strefa Istnienia\",\"url\":\"https:\/\/Strefaistnienia.pl\/\",\"logo\":{\"@type\":\"ImageObject\",\"inLanguage\":\"pl-PL\",\"@id\":\"https:\/\/Strefaistnienia.pl\/#\/schema\/logo\/image\/\",\"url\":\"https:\/\/Strefaistnienia.pl\/wp-content\/uploads\/2024\/03\/cropped-cropped-logo-si.png\",\"contentUrl\":\"https:\/\/Strefaistnienia.pl\/wp-content\/uploads\/2024\/03\/cropped-cropped-logo-si.png\",\"width\":512,\"height\":512,\"caption\":\"Strefa Istnienia\"},\"image\":{\"@id\":\"https:\/\/Strefaistnienia.pl\/#\/schema\/logo\/image\/\"}}]}<\/script>\n<!-- \/ Yoast SEO plugin. -->","yoast_head_json":{"title":"Kr\u0119gi Tematyczne - Strefa Istnienia","robots":{"index":"index","follow":"follow","max-snippet":"max-snippet:-1","max-image-preview":"max-image-preview:large","max-video-preview":"max-video-preview:-1"},"canonical":"https:\/\/Strefaistnienia.pl\/?page_id=545","og_locale":"pl_PL","og_type":"article","og_title":"Kr\u0119gi Tematyczne - Strefa Istnienia","og_description":"WITAJ PORDR\u00d3\u017bNICZKO i PODR\u00d3\u017bNIKU \u017bYCIA! Zapraszam &nbsp;Ci\u0119 na Spotkania w Kr\u0119gach, czyli spotkania Ludzi, kt\u00f3rzy chc\u0105 poby\u0107 w stadzie. Spotkania w Kr\u0119gach s\u0105 bezpieczn\u0105 przestrzeni\u0105, w kt\u00f3rej mo\u017cesz powiedzie\u0107 to, co dla Ciebie wa\u017cne i co chcesz powiedzie\u0107 oraz pos\u0142ucha\u0107 i us\u0142ysze\u0107 perspektywy, zdanie i odczucia innych Os\u00f3b. To miejsce dla tych, kt\u00f3rzy chc\u0105 by\u0107 [&hellip;]","og_url":"https:\/\/Strefaistnienia.pl\/?page_id=545","og_site_name":"Strefa Istnienia","article_modified_time":"2026-01-03T19:04:42+00:00","og_image":[{"width":2560,"height":1720,"url":"https:\/\/Strefaistnienia.pl\/wp-content\/uploads\/2024\/01\/20231116_131320_1-scaled.jpg","type":"image\/jpeg"}],"twitter_card":"summary_large_image","twitter_misc":{"Szacowany czas czytania":"5 minut"},"schema":{"@context":"https:\/\/schema.org","@graph":[{"@type":"WebPage","@id":"https:\/\/Strefaistnienia.pl\/?page_id=545","url":"https:\/\/Strefaistnienia.pl\/?page_id=545","name":"Kr\u0119gi Tematyczne - Strefa Istnienia","isPartOf":{"@id":"https:\/\/Strefaistnienia.pl\/#website"},"primaryImageOfPage":{"@id":"https:\/\/Strefaistnienia.pl\/?page_id=545#primaryimage"},"image":{"@id":"https:\/\/Strefaistnienia.pl\/?page_id=545#primaryimage"},"thumbnailUrl":"https:\/\/Strefaistnienia.pl\/wp-content\/uploads\/2024\/01\/20231116_131320_1-scaled.jpg","datePublished":"2024-01-31T17:59:44+00:00","dateModified":"2026-01-03T19:04:42+00:00","breadcrumb":{"@id":"https:\/\/Strefaistnienia.pl\/?page_id=545#breadcrumb"},"inLanguage":"pl-PL","potentialAction":[{"@type":"ReadAction","target":["https:\/\/Strefaistnienia.pl\/?page_id=545"]}]},{"@type":"ImageObject","inLanguage":"pl-PL","@id":"https:\/\/Strefaistnienia.pl\/?page_id=545#primaryimage","url":"https:\/\/Strefaistnienia.pl\/wp-content\/uploads\/2024\/01\/20231116_131320_1-scaled.jpg","contentUrl":"https:\/\/Strefaistnienia.pl\/wp-content\/uploads\/2024\/01\/20231116_131320_1-scaled.jpg","width":2560,"height":1720},{"@type":"BreadcrumbList","@id":"https:\/\/Strefaistnienia.pl\/?page_id=545#breadcrumb","itemListElement":[{"@type":"ListItem","position":1,"name":"Home","item":"https:\/\/Strefaistnienia.pl\/"},{"@type":"ListItem","position":2,"name":"Kr\u0119gi Tematyczne"}]},{"@type":"WebSite","@id":"https:\/\/Strefaistnienia.pl\/#website","url":"https:\/\/Strefaistnienia.pl\/","name":"Strefa Istnienia","description":"","publisher":{"@id":"https:\/\/Strefaistnienia.pl\/#organization"},"potentialAction":[{"@type":"SearchAction","target":{"@type":"EntryPoint","urlTemplate":"https:\/\/Strefaistnienia.pl\/?s={search_term_string}"},"query-input":{"@type":"PropertyValueSpecification","valueRequired":true,"valueName":"search_term_string"}}],"inLanguage":"pl-PL"},{"@type":"Organization","@id":"https:\/\/Strefaistnienia.pl\/#organization","name":"Strefa Istnienia","url":"https:\/\/Strefaistnienia.pl\/","logo":{"@type":"ImageObject","inLanguage":"pl-PL","@id":"https:\/\/Strefaistnienia.pl\/#\/schema\/logo\/image\/","url":"https:\/\/Strefaistnienia.pl\/wp-content\/uploads\/2024\/03\/cropped-cropped-logo-si.png","contentUrl":"https:\/\/Strefaistnienia.pl\/wp-content\/uploads\/2024\/03\/cropped-cropped-logo-si.png","width":512,"height":512,"caption":"Strefa Istnienia"},"image":{"@id":"https:\/\/Strefaistnienia.pl\/#\/schema\/logo\/image\/"}}]}},"post_mailing_queue_ids":[],"_links":{"self":[{"href":"https:\/\/Strefaistnienia.pl\/index.php?rest_route=\/wp\/v2\/pages\/545","targetHints":{"allow":["GET"]}}],"collection":[{"href":"https:\/\/Strefaistnienia.pl\/index.php?rest_route=\/wp\/v2\/pages"}],"about":[{"href":"https:\/\/Strefaistnienia.pl\/index.php?rest_route=\/wp\/v2\/types\/page"}],"author":[{"embeddable":true,"href":"https:\/\/Strefaistnienia.pl\/index.php?rest_route=\/wp\/v2\/users\/2"}],"replies":[{"embeddable":true,"href":"https:\/\/Strefaistnienia.pl\/index.php?rest_route=%2Fwp%2Fv2%2Fcomments&post=545"}],"version-history":[{"count":25,"href":"https:\/\/Strefaistnienia.pl\/index.php?rest_route=\/wp\/v2\/pages\/545\/revisions"}],"predecessor-version":[{"id":1034,"href":"https:\/\/Strefaistnienia.pl\/index.php?rest_route=\/wp\/v2\/pages\/545\/revisions\/1034"}],"wp:featuredmedia":[{"embeddable":true,"href":"https:\/\/Strefaistnienia.pl\/index.php?rest_route=\/wp\/v2\/media\/548"}],"wp:attachment":[{"href":"https:\/\/Strefaistnienia.pl\/index.php?rest_route=%2Fwp%2Fv2%2Fmedia&parent=545"}],"curies":[{"name":"wp","href":"https:\/\/api.w.org\/{rel}","templated":true}]}}